{"id":173,"date":"2022-06-14T20:58:11","date_gmt":"2022-06-14T20:58:11","guid":{"rendered":"https:\/\/willclima.cl\/?post_type=product&#038;p=173"},"modified":"2022-12-20T15:48:45","modified_gmt":"2022-12-20T15:48:45","slug":"aire-acondicionado-tipo-multisplit-muro-18-000-btuh-r410a","status":"publish","type":"product","link":"https:\/\/willclima.cl\/index.php\/producto\/aire-acondicionado-tipo-multisplit-muro-18-000-btuh-r410a\/","title":{"rendered":"Aire Acondicionado Tipo Multisplit Muro 18.000 BTUH R410A"},"content":{"rendered":"<style>.TitleOne{Color: black; font-size: 35px;} .SubTitle{color: #565656; font-size: 18px;}<\/style>\n<div style=\"width: 500px; padding: 3px;\">\n<div class=\"divUno\">\n<p class=\"TitleOne\">Caracter\u00edsticas<\/p>\n<p class=\"SubTitle\">Unidad Evaporadora de presentaci\u00f3n muro, Capacidad de Fr\u00edo 7000 BTUH del Tipo INVERTER.<br \/>\nAlimentaci\u00f3n Monof\u00e1sica 220V\/50HZ. Incluye Kit de Ca\u00f1er\u00eda de 4 mt. y control remoto Inal\u00e1mbrico.<\/p>\n<\/div>\n<div class=\"divDos\">\n<p class=\"TitleOne\">Especificaciones<\/p>\n<table style=\"width: 730.312px;\">\n<tbody>\n<tr style=\"height: 23px;\">\n<td style=\"width: 1066px; height: 23px; background-color: #f3f3f3;\" colspan=\"2\">\u00a0Modelo<\/td>\n<td style=\"width: 758.312px; height: 23px; text-align: center; vertical-align: middle;\" colspan=\"2\">GES07-FM<\/td>\n<\/tr>\n<tr style=\"height: 23px;\">\n<td style=\"width: 1066px; height: 23px; background-color: #f3f3f3;\" colspan=\"2\">Modo Operaci\u00f3n<\/td>\n<td style=\"width: 265px; height: 23px; text-align: center; vertical-align: middle;\">Frio<\/td>\n<td style=\"width: 493.312px; height: 23px; text-align: center; vertical-align: middle;\">Calor<\/td>\n<\/tr>\n<tr style=\"height: 23px;\">\n<td style=\"width: 1066px; height: 23px; background-color: #f3f3f3;\">Alimentaci\u00f3n El\u00e9ctrica<\/td>\n<td style=\"width: 1066px; height: 23px; background-color: #f3f3f3; text-align: center;\">V\/Hz\/Ph<\/td>\n<td style=\"width: 758.312px; height: 23px; text-align: center; vertical-align: middle;\" colspan=\"2\">220-240 \/ 50 \/ 1<\/td>\n<\/tr>\n<tr style=\"height: 23px;\">\n<td style=\"width: 1066px; height: 23px; background-color: #f3f3f3;\">Consumo El\u00e9ctrico<\/td>\n<td style=\"width: 1066px; height: 23px; background-color: #f3f3f3; text-align: center;\">W<\/td>\n<td style=\"width: 758.312px; height: 23px; text-align: center; vertical-align: middle;\" colspan=\"2\">20<\/td>\n<\/tr>\n<tr style=\"height: 23px;\">\n<td style=\"width: 1066px; height: 23px; background-color: #f3f3f3;\">Capacidad Normal<\/td>\n<td style=\"width: 1066px; height: 23px; background-color: #f3f3f3; text-align: center;\">Btu\/H<\/td>\n<td style=\"width: 265px; height: 23px; text-align: center; vertical-align: middle;\">7165<\/td>\n<td style=\"width: 493.312px; height: 23px; text-align: center; vertical-align: middle;\">8871<\/td>\n<\/tr>\n<tr style=\"height: 23px;\">\n<td style=\"width: 1066px; height: 23px; background-color: #f3f3f3;\">Caudal de Aire (SH,H,M,L)<\/td>\n<td style=\"width: 1066px; height: 23px; background-color: #f3f3f3; text-align: center;\">M3\/h<\/td>\n<td style=\"width: 758.312px; height: 23px; text-align: center; vertical-align: middle;\" colspan=\"2\">550\/490\/420\/330<\/td>\n<\/tr>\n<tr style=\"height: 23px;\">\n<td style=\"width: 1066px; height: 23px; background-color: #f3f3f3;\">Nivel de Ruido (SH,H,M,L)<\/td>\n<td style=\"width: 1066px; height: 23px; background-color: #f3f3f3; text-align: center;\">dB(A)<\/td>\n<td style=\"width: 758.312px; height: 23px; text-align: center; vertical-align: middle;\" colspan=\"2\">38\/36\/32\/24<\/td>\n<\/tr>\n<tr style=\"height: 23px;\">\n<td style=\"width: 1066px; height: 23px; background-color: #f3f3f3;\">Dimensiones (L,W,H)<\/td>\n<td style=\"width: 1066px; height: 23px; background-color: #f3f3f3; text-align: center;\">mm<\/td>\n<td style=\"width: 758.312px; height: 23px; text-align: center; vertical-align: middle;\" colspan=\"2\">790\/200\/275<\/td>\n<\/tr>\n<tr style=\"height: 23.5px;\">\n<td style=\"width: 1066px; height: 23px; background-color: #f3f3f3;\">Peso Neto<\/td>\n<td style=\"width: 1066px; height: 23px; background-color: #f3f3f3; text-align: center;\">KG<\/td>\n<td style=\"width: 758.312px; height: 23px; text-align: center; vertical-align: middle;\" colspan=\"2\">9<\/td>\n<\/tr>\n<tr style=\"height: 23px;\">\n<td style=\"width: 1066px; height: 23px; background-color: #f3f3f3;\">Modelo KIT de Ca\u00f1er\u00edas<\/td>\n<td style=\"width: 1066px; height: 23px; background-color: #f3f3f3;\"><\/td>\n<td style=\"width: 758.312px; height: 23px; text-align: center; vertical-align: middle;\" colspan=\"2\">GKA-GEMS-FM1<\/td>\n<\/tr>\n<tr style=\"height: 43px;\">\n<td style=\"width: 1066px; height: 23px; background-color: #f3f3f3;\">Conexi\u00f3n de Ca\u00f1er\u00edas (Liq \/ Gas)<\/td>\n<td style=\"width: 1066px; height: 23px; background-color: #f3f3f3; text-align: center;\">Pulgadas<\/td>\n<td style=\"width: 758.312px; height: 23px; text-align: center; vertical-align: middle;\" colspan=\"2\">1\/4 &#8211; 1\/8<\/td>\n<\/tr>\n<\/tbody>\n<\/table>\n<p>Notas sobre Especificaciones T\u00e9cnicas.<br \/>\n* Caudal de Aire a Velocidades SH: Super Ata, H: Alta, M: Media,\u00a0 L: Baja<br \/>\n* Niveles de Ruido a Velocidades SH: Super Alta, H: Alta, M: Media y L: Baja<br \/>\n* Dimensiones L: Largo, W: Fondo, H: Alto<\/p>\n<\/div>\n<\/div>\n","protected":false},"excerpt":{"rendered":"<style>\n.btnA{background-color: black; padding-top: 20px; padding-bottom: 20px; padding-left: 40px; padding-right: 40px; color: white; text-decoration: none; transition: 0.5s; margin: 50px; margin-top: 50px;}<br \/>.btnA:hover{background-color: #9D9D9D;color: black;transition: 0.5s;border: #9D9D9D 1px solid;}<\/style>\n<form action=\"https:\/\/www.anwo.cl\/files\/prd_producto\/50899\/Original%20Ficha%20Free%20Match%202021.pdf\"><button class=\"btnA\" type=\"submit\">Cat\u00e1logo Producto<\/button><\/form>\n<style>.TitleOne{Color: black; font-size: 35px;} .SubTitle{color: #565656; font-size: 18px;}<\/style>\n<div style=\"width: 500px; padding: 3px;\">\n<div class=\"divUno\">\n<p class=\"TitleOne\">Caracter\u00edsticas<\/p>\n<p class=\"SubTitle\">Unidad Evaporadora de presentaci\u00f3n muro, Capacidad de Fr\u00edo 18000 BTUH del Tipo INVERTER.<br \/>\nAlimentaci\u00f3n Monof\u00e1sica 220V\/50HZ. Incluye Kit de Ca\u00f1er\u00eda de 4 mt. y control remoto Inal\u00e1mbrico.<\/p>\n<\/div>\n<div class=\"divDos\">\n<p class=\"TitleOne\">Especificaciones<\/p>\n<p><img decoding=\"async\" src=\"https:\/\/willclima.cl\/wp-content\/uploads\/2022\/06\/image008.png\" \/><\/p>\n<p>Notas sobre Especificaciones T\u00e9cnicas.<br \/>\n* Caudal de Aire a Velocidades SH: Super Ata, H: Alta, M: Media,\u00a0 L: Baja<br \/>\n* Niveles de Ruido a Velocidades SH: Super Alta, H: Alta, M: Media y L: Baja<br \/>\n* Dimensiones L: Largo, W: Fondo, H: Alto<\/p>\n<\/div>\n<\/div>\n","protected":false},"featured_media":175,"comment_status":"open","ping_status":"closed","template":"","meta":{"site-sidebar-layout":"default","site-content-layout":"default","ast-global-header-display":"","ast-main-header-display":"","ast-hfb-above-header-display":"","ast-hfb-below-header-display":"","ast-hfb-mobile-header-display":"","site-post-title":"","ast-breadcrumbs-content":"","ast-featured-img":"","footer-sml-layout":"","theme-transparent-header-meta":"default","adv-header-id-meta":"","stick-header-meta":"","header-above-stick-meta":"","header-main-stick-meta":"","header-below-stick-meta":""},"product_brand":[],"product_cat":[23],"product_tag":[],"class_list":{"0":"post-173","1":"product","2":"type-product","3":"status-publish","4":"has-post-thumbnail","6":"product_cat-multisplit-muro","7":"desktop-align-left","8":"tablet-align-left","9":"mobile-align-left","11":"first","12":"instock","13":"shipping-taxable","14":"product-type-simple"},"_links":{"self":[{"href":"https:\/\/willclima.cl\/index.php\/wp-json\/wp\/v2\/product\/173","targetHints":{"allow":["GET"]}}],"collection":[{"href":"https:\/\/willclima.cl\/index.php\/wp-json\/wp\/v2\/product"}],"about":[{"href":"https:\/\/willclima.cl\/index.php\/wp-json\/wp\/v2\/types\/product"}],"replies":[{"embeddable":true,"href":"https:\/\/willclima.cl\/index.php\/wp-json\/wp\/v2\/comments?post=173"}],"wp:featuredmedia":[{"embeddable":true,"href":"https:\/\/willclima.cl\/index.php\/wp-json\/wp\/v2\/media\/175"}],"wp:attachment":[{"href":"https:\/\/willclima.cl\/index.php\/wp-json\/wp\/v2\/media?parent=173"}],"wp:term":[{"taxonomy":"product_brand","embeddable":true,"href":"https:\/\/willclima.cl\/index.php\/wp-json\/wp\/v2\/product_brand?post=173"},{"taxonomy":"product_cat","embeddable":true,"href":"https:\/\/willclima.cl\/index.php\/wp-json\/wp\/v2\/product_cat?post=173"},{"taxonomy":"product_tag","embeddable":true,"href":"https:\/\/willclima.cl\/index.php\/wp-json\/wp\/v2\/product_tag?post=173"}],"curies":[{"name":"wp","href":"https:\/\/api.w.org\/{rel}","templated":true}]}}